- 17)).
-11
13 - (20 + (20 - (35 + 7)))
15
Calculate -26 + (3 + 11 - (16 + -4)).
-24
What is the value of (-13 - -24) + -19 + 2?
-6
What is the value of -15 - (-18 + -30 + 46)?
-13
13 - (57 + -21 - (9 - 9))
-23
Evaluate 2 + 11 - (8 - (4 - -4)).
13
Calculate (-51 - -43) + -1 + 21.
12
Evaluate 22 + 0 - (-825 - -835).
12
Evaluate (138 - 119) + (4 - -10).
33
What is 5 + 24 + -10 + 4 + 8?
31
-12 + 2 + -4 + 6
-8
Evaluate (1 - -5) + (-79 - 24 - -58).
-39
What is -7 + 1 + (3 - (38 - 12) - -11)?
-18
Evaluate -89 - -82 - (2 + 2).
-11
Evaluate -18 + 59 + (-2 - 29).
10
Evaluate -1 - (-8 + (-2 - -2 - (1 + -1))).
7
What is the value of (22 + -60 - -58) + 11?
31
Calculate 6 + -4 + (-31 - -5) + 9.
-15
Evaluate 24 + -6 + (1 - (-5 + 3)).
21
Evaluate 2 - ((26 - -2) + 26 + -26).
-26
Calculate (-14 + 13 + -31 - -16) + -8.
-24
Evaluate 16 - ((0 - -25) + -15) - -29.
35
What is the value of -5 + 11 + (9 - (14 - 2))?
3
(339 - 313) + (0 + 2 - 12) - 4
12
What is 31 + -2 + (-3 - 16) + 12?
22
What is the value of 3 + (-4 - 0) + -23 + 14?
-10
Evaluate (-31 - -23) + (2 - 10).
-16
6 - ((9 - (-8 + 15)) + 6 + 1)
-3
What is (-1 - -3 - -4) + 76 + -76?
6
Evaluate -12 + (-9 + (7 - 8) - -8).
-14
Evaluate -5 - -10 - 2 - (-3 + 5).
1
What is (3 + -3 - -4) + (57 - 46)?
15
What is the value of (31 - (10 - 12)) + 1 + -11 + 3?
26
Evaluate 2 + 7 + -1 + -11 + 4.
1
18 + 11 + 5 + -37
-3
What is the value of 16 + -12 + 3 + -6 + (5 - -3)?
9
What is (-6 - (-13 - 19)) + -14?
12
What is the value of (1 - 0) + -86 + 85?
0
Calculate 3 - (17 + 1) - (450 + -442).
-23
Calculate -6 - (-1 + (2 + 4 + -23 - 4)).
16
What is the value of 7 - (17 - 10 - -11)?
-11
What is the value of 18 + -15 + 4 + -14?
-7
Calculate 14 + (-10 + 8 - 6 - -2).
8
What is the value of (10 - 47) + 35 - (-18 + (2 - 2))?
16
Calculate 10 + (0 - 1) - (67 - (35 + 30)).
7
What is 3 + (14 - 20) + 7?
4
What is (1 - 6) + (-19 - (19 + -30))?
-13
Calculate -1 + -9 + 0 + (-8 + 84 - 67).
-1
Calculate 8 + (1 - -10 - (25 + 30 + -63)).
27
(0 + -6 + 3 - -2) + 17
16
Evaluate 7 + (37 + -42 - -20).
22
What is 11 + (10 - 12) - -3 - (-4 - 4)?
20
What is the value of -7 - (-8 - ((3 - 0) + -15))?
-11
-1 + 7 - (-33 + (48 - 17))
8
What is the value of (-13 - -1) + -73 + 103?
18
(16 - 6 - 1) + -14
-5
What is the value of -10 - ((10 - 37) + 3)?
14
Calculate -173 - -159 - (1 - 6).
-9
What is the value of (1 - 1 - (-3 - -6)) + (-47 - -48)?
-2
What is -1 + 0 + 7 + 5 + 5?
16
What is (5 - (3 - 2)) + 12 + (-7 - 1)?
8
Evaluate -1 + 31 - (214 + -214) - (-7 + -2).
39
Evaluate -3 + (-1 - -20) + -2.
14
What is 92 + -75 + 0 + -20?
-3
What is -32 - -9 - -7 - (-44 - 0)?
28
Calculate 0 + -13 + (69 - 76 - (-11 - -1)).
-10
Evaluate -277 + 271 - (2 - (34 + (1 - 3))).
24
What is (14 - 11 - (1 - -2)) + 0?
0
-3 + (-9 - -1) + 264 + -275
-22
What is the value of 1 + (13 - (16 - 10)) + -6 + -2?
0
What is the value of (-22 - (1 - 1)) + (45 + -92 - -51)?
-18
Calculate 8 - (6 + -14) - 19.
-3
What is -15 + (23 - 8) + (2 - -2)?
4
What is (32 - 0) + (-71 - (-11 + -50))?
22
-1 - 37 - (-204 - -196 - (1 - 5))
-34
20 - (-7 - (-9 - 11))
7
What is 26 - ((23 - 19) + 6)?
16
What is 7 + 16 + 1 + -1 + (-9 - 0)?
14
What is the value of 15 + -20 + 3 + -9?
-11
What is (7 - 11) + (1 - 13 - -5)?
-11
18 + (-9 + 5 - 22)
-8
-9 + -13 + 16 - 1
-7
Calculate 15 + (-36 - -56) - 35.
0
What is the value of -1155 - -1161 - (1 + -12)?
17
-3 + (12 - 16 - -11)
4
Calculate (-13 - 4) + 52 + -23.
12
Evaluate -27 + (-6 + 0 - -13 - (-7 - -6)).
-19
What is -17 - (2 + (7 - 14 - -2))?
-14
Calculate -12 - (4 + 16 - 42).
10
What is (1 - 15) + 49 + -31?
4
Calculate -2 - (2 + (-17 - -8 - -1) + 0).
4
-447 + 437 + 16 + 0
6
2 + 19 + -1 + -5 - -2
17
Calculate 28 - (-21 + 33 + 4).
12
What is -29 - (-5 + ((-2 - -6) + -13 - -10))?
-25
What is -20 + (16 - 11) - -15 - (-1 - 10)?
11
What is 35 + -38 + -6 + -3 - (-1 - -1)?
-12
What is 12 - -18 - -16 - 17?
29
Evaluate 16 + 0 - (875 - 857).
-2
Evaluate 26 + -14 - 19 - (-7 - 0).
0
What is the value of 0 + 2 + (-216 - -216) + 3 + 1?
6
What is -16 + (37 - (-4 - -15)) - (0 - 2)?
12
Evaluate -7 + 7 + (4 - -3) + -9 + -9.
-11
What is -3 + 16 + (-11 - -7)?
9
What is the value of ((-16 - 5) + 0 - -4) + 8 + 17?
8
-10 + (25 - 13) + 7
9
What is (234 - 203) + (-1 - 21)?
9
-7 + 1 + 0 + (22 - 5)
11
(6 - (9 + 3)) + -6 + -1
-13
Calculate 9 + (-7 - -20) + (27 - 20).
29
What is the value of -320 - -339 - (28 + 0)?
-9
What is the value of 14 + -15 + -15 + 18 + 3?
5
Evaluate -5 + (-3 - (11 + (6 - 19))).
-6
What is the value of 9 + (-85 + 89 - (0 + 2))?
11
What is the value of 0 - (-36 + 16 + 18)?
2
Calculate -26 - (8 + 7 + -30) - (2 - 10).
-3
28 + -11 - -14 - 19
12
Calculate 30 - 21 - 12 - 1.
-4
Evaluate -5 - (-15 - -10) - -1 - -16.
17
(1 + -1 - (64 + -64)) + 9
9
(-1 - 25) + -5 + 24
-7
What is the value of (-2 - (5 + (-7 - 4))) + -10 + -7?
-13
9 + (2 - 1) - 4 - 8 - 28
-30
Calculate -1 - (9 + -61 + 14 + -5).
42
What is 3 + 19 + -19 - (8 + -1)?
-4
What is -16 - (-10 + 1 + (-20 - -4) + 34)?
-25
What is the value of -14 + 20 + -8 + 5 + -17 + 0?
-14
Evaluate -1 - (39 + (-24 - -4)).
-20
Evaluate -23 + (29 + -14 - 13).
-21
Calculate -11 - (5 + -3 - (2 - 1 - -6)).
-6
Calculate 11 - 0 - (43 + (-54 - -10)).
12
What is (-164 - -178) + (3 - 3)?
14
Evaluate -31 - -42 - (14 + 0).
-3
What is 1 + 4 + (-7 - 5) + 2?
-5
Calculate (-9 - -1 - -9 - -1) + -1 - -26.
27
What is the value of 8 + 1 - (-22 + 22)?
9
What is the value of -206 - -208 - (21 - ((0 - -2) + 0))?
-17
Calculate -47 + 8 + 6 + -10 + 15.
-28
Calculate (6 - (-6 - 17)) + -24.
5
What is (15 - 8 - -5) + -6 + 10?
16
1 - 18 - (27 - (34 + -3))
-13
Evaluate 9 - ((6 - -15) + -12).
0
What is the value of 2 - (-4 - -11) - 3?
-8
(-11 + 23 - 24) + -28 + -7 - -8
-39
Evaluate 90 - (7 - -73) - (19 + -1).
-8
What is -6 + (-2 - -5) - -18?
15
What is -243 - -228 - (1 + -6)?
-10
What is the value of 3 + 14 + -17 + 2 - (-4 - -8)?
-2
What is 11 + (-58 - -41) - (1 - -3)?
-10
What is -4 + 0 + 3 + 8 + (16 - 13)?
10
What is -33 - (41 + -73) - ((-28 - -2) + 2)?
23
Evaluate -93 - -88 - (-3 + 15).
-17
Calculate (19 + -3 - 3 - 16) + 41.
38
Calculate (-5 + 3 - -3) + -9 + -7.
-15
(7 + -48 - 1) + (-59 - -77)
-24
What is the value of (2 - 4) + 88 + -75?
11
8 - (50 - (23 - -8))
-11
What is -25 - (-21 + (8 - -8))?
-20
Evaluate -11 - (-14 + 20) - -36.
19
What is the value of -91 - -107 - (0 + 15)?
1
Evaluate 11 - (0 + 12 + -4 + 3 + -10).
10
What is the value of -240 - -253 - (22 + (-2 - -3))?
-10
Calculate (-1 - (5 - -4)) + 7.
-3
Calculate 8 + -3 + (-3 - 12).
-10
What is the value of -32 + (20 - (-12 + 15))?
-15
What is the value of (62 - 5) + -8 - 18?
31
(17 - 5 - -7) + -22
-3
Calculate 70 + 8 - (12 + 33).
33
What is the value of -8 + (32 - 20) + -16 + (0 - 0)?
-12
Calculate (-9 - -9) + 58 + -56.
2
What is the value of (2 - 1) + (-47 + 26 - (8 + -12))?
-16
12 - (10 - (9 + -4))
7
(2 - -14) + 443 + -459
0
Evaluate 1 - (-2 + -1 + 46 + -36).
-6
Calculate (-37 - (-44 + 6)) + 30.
31
Evaluate ((-13 - 1) + 9 - (-6 + 3)) + 15.
13
-7 - (-1 + -8 - -3)
-1
(14 - (3 + (-1 - 0))) + -103 + 112
21
-3 + ((-9 - 0) + 7 - 4)
-9
What is 1 + 11 - (49 - (59 - 38))?
-16
What is -114 + 122 + (-1 - 5)?
2
What is -4 + (7 - ((-1 - 2) + 11))?
-5
Evaluate -13 + (-22 + 13 - -10) + 10.
-2
Evaluate 27 - ((-8 - 6) + 33).
8
Evaluate -12 - (-10 + 6 - 0).
-8
What is the value of -15 + 29 - (27 + -26 - (1 + 0))?
14
Evaluate 0 - (-12 + (7 + -12 - -14)).
3
Evaluate ((6 - -5) + -16 - -18) + 0 + -2.
11
What is (-2 - 1) + 42 + -50?
-11
Calculate -7 + -2 + (-23 + 16 - -6) + -7.
-17
What is the value of 5 - 11 - -3 - -11 - 24?
-16
What is 1 - (-16 + 13 - 9)?
13
What is 5 - (2 + -1 + 1 - (-296 - -309))?
16
What is -6 - (12 - 6) - (1 - (3 + -1))?
-11
What is the value of (21 - 29) + 34 + -29?
-3
-16 + 24 - (15 - 2)
-5
Calculate (17 + 4 - 25) + 21.
17
Evaluate 0 + 2 + 6 + (22 - 36).
-6
Evaluate 8 + -4 - -1 - -6.
11
Evaluate 41 - (-22 + 17 + 30).
16
What is the value of 0 + (-5 - -6) + (-7 - (5 - 15))?
4
What is the value of -7 + (-11 + -5 + -1 + 3 - -5)?
-16
What is 6 - 5 - (15 + (5 - -2)) - -7?
-14
What is -2 + (21 - (6 + (7 - (-1 + 7))))?
12
(-35 - -43) + (-17 - -17)
8
22 + 33 + -29 + 0
26
Calculate (-4 - 16) + 0 - (-533 - -500).
13
What is -21 - (17 - 29) - (0 - 2 - -5)?
-12
What is (8 - 1) + (-10 - -21 - 7) - 3?
8
What is the value of (-5 - 2